{"id":226,"date":"2020-08-11T05:08:26","date_gmt":"2020-08-11T05:08:26","guid":{"rendered":"http:\/\/amateurfunk-goslar.eu\/?page_id=226"},"modified":"2020-09-07T13:24:42","modified_gmt":"2020-09-07T13:24:42","slug":"notfunk","status":"publish","type":"page","link":"https:\/\/amateurfunk-goslar.eu\/?page_id=226","title":{"rendered":"Notfunk"},"content":{"rendered":"<header class=\"entry-header\">\n<h1 class=\"entry-title\" style=\"padding-left: 40px;\"><img loading=\"lazy\" decoding=\"async\" class=\"size-full wp-image-230 alignright\" src=\"http:\/\/amateurfunk-goslar.eu\/wp-content\/uploads\/2020\/08\/notfunk-300x211-1.jpg\" alt=\"Notfunk\" width=\"300\" height=\"211\"><\/h1>\n<\/header>\n<div class=\"entry-content\">\n<p>Seit jeher engagieren sich Funkamateure im <a href=\"https:\/\/de.wikipedia.org\/wiki\/Notfunk\" target=\"_blank\" rel=\"noopener noreferrer\">Notfunk<\/a>, einer ihrer Kernkompetenzen.<\/p>\n<p>Bei l\u00e4nger anhaltendem Stromausfall oder anderen Katastrophen ist die Kommunikationsinfrastruktur gef\u00e4hrdet.<br \/>\nAuf einmal geht nichts mehr, weder das Smartphone, noch das Festnetztelefon. Das, was heute so selbstverst\u00e4ndlich ist, funktioniert dann nicht mehr.<\/p>\n<p>Der gr\u00f6\u00dfte Notfall ist der, der nicht gemeldet werden kann.&nbsp;<\/p>\n<p>Funkamateure sind technisch in der Lage auch bei Stromausfall Nachrichten in Sprache, Schrift und als Daten zu \u00fcbermitteln, z.B. E-mails \u00fcber das von Funkamateuren entwickelte Funkmailnetz <a href=\"http:\/\/winlink.org\/\" target=\"_blank\" rel=\"noopener noreferrer\">WINLINK<\/a>.<\/p>\n<p><img loading=\"lazy\" decoding=\"async\" class=\"size-full wp-image-231 aligncenter\" src=\"http:\/\/amateurfunk-goslar.eu\/wp-content\/uploads\/2020\/08\/wlk-logo.png\" alt=\"WLK\" width=\"198\" height=\"86\"><\/p>\n<\/div>\n<p>In Goslar und im Vorland von Goslar bauen wir aktuell ein station\u00e4res und mobiles Netz von stromunabh\u00e4ngigen Notfunkstationen auf, teils mit Hochgeschwindigkeitsverbindungen (HAMNET).<\/p>\n<p>Jeden 1. Freitag im Monat ist auf 3643 MHz ab 16:30 UTC der Notfunkrundspruch des DARC.<\/p>\n","protected":false},"excerpt":{"rendered":"<p>Seit jeher engagieren sich Funkamateure im Notfunk, einer ihrer Kernkompetenzen. Bei l\u00e4nger anhaltendem Stromausfall oder anderen Katastrophen ist die Kommunikationsinfrastruktur gef\u00e4hrdet. Auf einmal geht nichts mehr, weder das Smartphone, noch das Festnetztelefon. Das, was heute so selbstverst\u00e4ndlich ist, funktioniert dann nicht mehr. Der gr\u00f6\u00dfte Notfall ist der, der nicht gemeldet werden kann.&nbsp; Funkamateure sind technisch <a class=\"more-link\" href=\"https:\/\/amateurfunk-goslar.eu\/?page_id=226\">weiterlesen&#8230;<\/a><\/p>\n","protected":false},"author":1,"featured_media":0,"parent":153,"menu_order":5,"comment_status":"closed","ping_status":"closed","template":"","meta":{"ngg_post_thumbnail":0,"footnotes":""},"class_list":["post-226","page","type-page","status-publish","hentry"],"_links":{"self":[{"href":"https:\/\/amateurfunk-goslar.eu\/index.php?rest_route=\/wp\/v2\/pages\/226","targetHints":{"allow":["GET"]}}],"collection":[{"href":"https:\/\/amateurfunk-goslar.eu\/index.php?rest_route=\/wp\/v2\/pages"}],"about":[{"href":"https:\/\/amateurfunk-goslar.eu\/index.php?rest_route=\/wp\/v2\/types\/page"}],"author":[{"embeddable":true,"href":"https:\/\/amateurfunk-goslar.eu\/index.php?rest_route=\/wp\/v2\/users\/1"}],"replies":[{"embeddable":true,"href":"https:\/\/amateurfunk-goslar.eu\/index.php?rest_route=%2Fwp%2Fv2%2Fcomments&post=226"}],"version-history":[{"count":8,"href":"https:\/\/amateurfunk-goslar.eu\/index.php?rest_route=\/wp\/v2\/pages\/226\/revisions"}],"predecessor-version":[{"id":856,"href":"https:\/\/amateurfunk-goslar.eu\/index.php?rest_route=\/wp\/v2\/pages\/226\/revisions\/856"}],"up":[{"embeddable":true,"href":"https:\/\/amateurfunk-goslar.eu\/index.php?rest_route=\/wp\/v2\/pages\/153"}],"wp:attachment":[{"href":"https:\/\/amateurfunk-goslar.eu\/index.php?rest_route=%2Fwp%2Fv2%2Fmedia&parent=226"}],"curies":[{"name":"wp","href":"https:\/\/api.w.org\/{rel}","templated":true}]}}